isor of u and 96.
6
Let u(q) = -4*q**3 + 1. Let f be u(-1). Suppose l + 48 = f*l. Suppose -38 = -0*h + 19*h - 114. What is the highest common factor of h and l?
4
Let i be (-3519)/46*-291*2/9. What is the greatest common divisor of 255 and i?
51
Suppose -550 = -3*s + 29*l - 28*l, 1465 = 8*s - l. Calculate the highest common factor of s and 9.
3
Let o = -25 + 42. Suppose 3*i = 5*j + 6*i - 558, -4*i = 5*j - 554. Suppose -5 = -g + j. What is the highest common factor of g and o?
17
Suppose -182 = -10*o + 45 + 103. What is the highest common factor of 4323 and o?
33
Let u(q) = 2*q - 43. Let c be u(24). Let z be 4/c*5400/48. What is the highest common divisor of z and 36?
18
Let w = -11 - -438. Let t = w - 307. What is the highest common factor of t and 15?
15
Suppose 556*r = 536*r + 9700. What is the highest common factor of r and 80?
5
Suppose 3*l = 2 + 34. Let v be 3955/21 - -5 - 7/((-84)/(-16)). What is the greatest common factor of l and v?
12
Suppose 2*t + 2*t = 760. Let g(h) = -h**3 - 10*h**2 + 3*h - 51. Let s be g(-11). Suppose 40*y - s*y = 30. What is the highest common divisor of t and y?
10
Let y be -3 + 2 + -19 + 20. Suppose 5*p - 3*t - 315 = 0, y*t + 2*t = -10. Calculate the greatest common divisor of 24 and p.
12
Let i be (-22)/55 - -3*9/5. Let b(p) = 2*p**3 - 2*p - 4. Let u be b(i). Calculate the greatest common factor of u and 59.
59
Let r be 0/10 + (1679 - -1). Suppose 495*q - 3991 = 3434. Calculate the highest common divisor of q and r.
15
Let f(o) = -o**2 + 86*o - 40. Let p be f(85). Suppose 5*w = 2*v + v - 710, 5*v = -3*w + 1206. What is the highest common divisor of v and p?
15
Let y = 9118 + -8455. Calculate the highest common divisor of 221 and y.
221
Let g be 4/16 - (-13 + 955669/(-44)). What is the highest common divisor of g and 103?
103
Let k = -60064 - -60073. Let o = 56 + -17. What is the greatest common factor of o and k?
3
Let t(c) = 44*c - 849. Let x be t(30). Calculate the highest common divisor of x and 628.
157
Let z(g) be the third derivative of g**4/12 - g**3/3 + 2*g**2 - 8. Let n be z(7). Calculate the greatest common divisor of n and 192.
12
Let k = -50 - -52. Suppose -k*c + 236 - 4 = 0. Let l = c + -81. What is the greatest common factor of l and 14?
7
Let h(w) = 29*w**2 + 25*w + 52. Let k be h(-3). What is the greatest common divisor of 4726 and k?
34
Let b(k) = -3*k + 30. Let x be b(3). Let t be 1/(2/(-4)) + 0. Let h = x + t. Calculate the greatest common divisor of 190 and h.
19
Let n be -4 - (458310/(-66) - ((-9)/(-3))/(-33)). What is the highest common divisor of 40 and n?
20
Let v be -1 - ((-1)/2 - (-1036)/(-56)). Let d = -17 + v. What is the highest common divisor of d and 7?
1
Let f(i) = -7*i**3 - 7*i**2 - 19*i - 6. Let u be f(-3). Let q = u + -172. Calculate the greatest common divisor of q and 5.
5
Let q(n) = -n**3 - 12*n**2 - 19*n + 13. Let f be q(-10). Suppose 4*y - 239 = 2*y + f*u, -428 = -4*y - 4*u. Calculate the highest common factor of y and 48.
16
Let r(m) be the first derivative of m**4/4 + 2*m**3/3 - 11*m**2/2 - 12*m + 80. Let c be r(5). Calculate the highest common factor of c and 36.
36
Let w = -87 - -114. Suppose 0 = -23*x + w*x - 248. Calculate the greatest common divisor of 682 and x.
62
Let b = 966 + -826. Calculate the greatest common factor of b and 860.
20
Let v(q) = q - 1. Let o be v(-1). Let c(f) = 7*f**2 + 2*f + 2. Let d be c(o). Let p be ((-98)/(-6) + 1)/(d/39). What is the highest common factor of p and 286?
26
Suppose -865 - 1821 = 34*f. Let c = f + 89. What is the greatest common factor of 480 and c?
10
Suppose -52*x = -80*x - 281 + 10753. Suppose -4*n = n - 110. Calculate the greatest common divisor of x and n.
22
Let l(p) = -7*p. Let d be l(-6). Let q be 27756/135 - (-4)/10. Suppose -2*y - q + 346 = 0. Calculate the greatest common factor of y and d.
14
Let x(u) = -334*u**3 - 4*u**2 - 5*u - 4. Let g be x(-2). Suppose 679 = j - 4*n, -2*n = 17*j - 13*j - g. Calculate the greatest common factor of 29 and j.
29
Suppose 19 = t - 86. Let p be (6/(-4))/(33/(-1540)). What is the highest common factor of p and t?
35
Suppose 0 = -2*j + 3*j - 75. Let d be 4959/(-27) + 3/(-9). Let f be (-42)/63 + d/(-6). What is the highest common divisor of j and f?
15
Suppose 3*j - 81 = -2*c, -4*c + 169 = -523*j + 528*j. Calculate the highest common divisor of c and 3434.
17
Let a = -119 - -197. Let c be 48 + (-11)/(-44)*(-80)/(-5). Calculate the greatest common factor of c and a.
26
Suppose -14*k + 17*k = -4*l + 9517, 3*k + 4763 = 2*l. What is the greatest common divisor of l and 170?
170
Let x = 34 + -37. Let w(b) = 8*b - 6. Let f be w(x). Let i be (1 - 0)*f/(-3). Calculate the highest common divisor of 90 and i.
10
Suppose 4*q = -q + 20. Suppose -9*i - 22 = -q. Let n be 56/16*(-52)/i. Calculate the highest common divisor of n and 13.
13
Let v = -39 - -70. Let w be (-9 - (3 + 5)) + 15 + (-498)/(-1). Calculate the highest common divisor of v and w.
31
Let x(s) = 2*s**2 - 65 - 5*s + 68 - s**2. Let l be x(-3). What is the greatest common divisor of l and 45?
9
Let j(t) = 119*t - 1479. Let n be j(43). What is the highest common divisor of n and 34?
34
Let u = -2723 - -2724. Calculate the highest common factor of u and 47.
1
Suppose -97*x - 1566 = -358*x. What is the greatest common factor of 3603 and x?
3
Suppose 634*p - 627*p - 14 = 0. Suppose 0 = p*q - 9 + 1, 3*n + 4*q = 67. What is the highest common factor of n and 867?
17
Let m(y) = -y**2 + 405. Suppose g - 5*o - 41 + 16 = 0, 5*g = -3*o - 15. Let d be m(g). Calculate the highest common divisor of 15 and d.
15
Suppose 44*q = 251 + 13. Suppose 9*o - q*o + 4*l = 134, 89 = 2*o + 3*l. What is the highest common factor of 69 and o?
23
Suppose 239400 = 2*k + 23*k. Suppose -38*j - k = -57*j. Calculate the greatest common divisor of 28 and j.
28
Let q(x) = 9*x**2 + 235*x - 173. Let p be q(-27). Calculate the greatest common factor of p and 17071.
43
Let c be 0 + (-1372)/(-4 - 0). Let h = 655 - c. Calculate the highest common factor of h and 39.
39
Suppose -2*x = -318 - 300. What is the greatest common divisor of x and 3?
3
Let i be (-2)/(-9) - 28245/135. Let m = i + 259. Calculate the highest common factor of 75 and m.
25
Suppose -c + 20 = -5*b, -5*c = 3*b + 111 - 127. Let h(u) = u**3 - 3*u**2 + 2*u + 5. Let i be h(6). Calculate the highest common divisor of c and i.
5
Suppose 303 + 372 = 135*p. Calculate the highest common divisor of 79 and p.
1
Let n(y) = y**3 - 10*y**2 - 11*y + 6. Let l be n(11). Suppose 0 = -5*t + 5*v + 80, 4*v - l = -22. What is the highest common divisor of t and 492?
12
Let k(i) = -i**2 - 48*i - 247. Let y be k(-42). Calculate the highest common factor of 13745 and y.
5
Let g be (-3)/(-12) - (124/(-16) - 1). Suppose g*a = 1241 + 838. Calculate the highest common factor of a and 21.
21
Let z(u) = 28*u + 18*u - 5 - 14 - 54*u. Let f be z(-26). Calculate the highest common factor of f and 9.
9
Suppose 714*x = 726*x - 1344. What is the greatest common divisor of 1136 and x?
16
Let w(v) = -v**3 + v**2 - 4. Let t be w(-2). Let s = -645 + 649. Calculate the greatest common factor of s and t.
4
Suppose 2316 = 13*f + 678. Let h(i) = i**2 - i + 45. Let c be h(0). Let v = -27 + c. Calculate the highest common factor of f and v.
18
Let f be 844/16 + 3/(-4). Suppose -r - 1 = 5*c - f, 4*c - 41 = -r. Suppose v - 5*v + 60 = 4*y, -4*y - v + 75 = 0. What is the highest common divisor of c and y?
10
Suppose -4*z + 16064 = 2*q, 4*q - 1747*z + 1746*z - 32128 = 0. Calculate the greatest common divisor of q and 32.
32
Let o(h) = 2*h**2 - 18*h + 18. Let s be o(12). Calculate the highest common factor of 1602 and s.
18
Let w = -934 - -926. Let n be (-9 - w)*(-46)/2. Suppose -4*j = -3 - 825. What is the greatest common factor of n and j?
23
Suppose 2*j + 6*t - 10 = 4*t, -t = -3. Suppose -273*h - 277*h = -543*h - 14. What is the greatest common divisor of h and j?
2
Suppose 44*u - 161460 = -34*u. What is the greatest common divisor of 15 and u?
15
Suppose 0 = -s - 3*v + 406, -s - 9*v = -5*v - 407. Calculate the highest common factor of 26 and s.
13
Suppose -2*o = 3*o - 50. Let j be -55*232/(-319) + 15. Calculate the highest common factor of o and j.
5
Let n be ((-7)/9 + 10/(-45))*-34. Suppose n = 7*f + 6. Suppose 2*k - 4*k - 2*j + 332 = 0, -f*k = 2*j - 6